alculate the remainder when 33924932 is divided by 70.
62
Calculate the remainder when 801177 is divided by 162.
87
What is the remainder when 177850 is divided by 176460?
1390
What is the remainder when 47981164 is divided by 392?
364
What is the remainder when 1093422426 is divided by 27?
24
What is the remainder when 102145 is divided by 1141?
596
What is the remainder when 230579 is divided by 3157?
118
Calculate the remainder when 94739 is divided by 1527.
65
Calculate the remainder when 197897 is divided by 2249.
2234
Calculate the remainder when 1499932 is divided by 4065.
4012
What is the remainder when 72106 is divided by 285?
1
What is the remainder when 3869887 is divided by 52?
47
What is the remainder when 322050 is divided by 45970?
260
What is the remainder when 29011135 is divided by 14505545?
45
Calculate the remainder when 346565 is divided by 3040.
5
What is the remainder when 2138758 is divided by 30?
28
What is the remainder when 17165689 is divided by 1381?
1240
Calculate the remainder when 38440550 is divided by 323.
320
What is the remainder when 19886827 is divided by 16?
11
What is the remainder when 533868 is divided by 360?
348
Calculate the remainder when 338117518 is divided by 80.
78
What is the remainder when 8765048 is divided by 634?
632
Calculate the remainder when 24620162 is divided by 27.
23
What is the remainder when 6432125 is divided by 2370?
2315
Calculate the remainder when 2234 is divided by 2110.
124
What is the remainder when 1700684 is divided by 5112?
3500
What is the remainder when 1589176 is divided by 1446?
22
Calculate the remainder when 69698 is divided by 345.
8
What is the remainder when 47870 is divided by 5313?
53
What is the remainder when 5692420 is divided by 10464?
4
What is the remainder when 462687 is divided by 883?
878
What is the remainder when 73685652 is divided by 4093647?
6
What is the remainder when 251906 is divided by 25171?
196
What is the remainder when 12743676 is divided by 304?
300
Calculate the remainder when 670428 is divided by 67042.
8
What is the remainder when 10070190 is divided by 622?
10
Calculate the remainder when 25314352 is divided by 12657174.
4
Calculate the remainder when 58047 is divided by 2638.
11
What is the remainder when 93204 is divided by 70?
34
Calculate the remainder when 2903428 is divided by 2903383.
45
Calculate the remainder when 278315493 is divided by 1569.
1566
What is the remainder when 799522 is divided by 91?
87
Calculate the remainder when 9293224 is divided by 4646609.
6
Calculate the remainder when 482910 is divided by 3359.
2573
Calculate the remainder when 665927 is divided by 911.
897
What is the remainder when 7019780 is divided by 10058?
9354
What is the remainder when 112047 is divided by 112030?
17
What is the remainder when 7682509 is divided by 5531?
5481
Calculate the remainder when 168609 is divided by 1741.
1473
What is the remainder when 408684 is divided by 1014?
42
Calculate the remainder when 518852 is divided by 103764.
32
What is the remainder when 761906 is divided by 577?
266
Calculate the remainder when 4353647 is divided by 393.
386
What is the remainder when 8085 is divided by 825?
660
What is the remainder when 54967911 is divided by 386?
353
What is the remainder when 1038266 is divided by 94385?
31
What is the remainder when 462931 is divided by 11291?
0
What is the remainder when 1883139 is divided by 1622?
1619
What is the remainder when 490107 is divided by 608?
59
What is the remainder when 88475 is divided by 88424?
51
Calculate the remainder when 149259850 is divided by 354.
352
What is the remainder when 39158 is divided by 392?
350
What is the remainder when 1995130 is divided by 286?
280
What is the remainder when 91329678 is divided by 11?
0
Calculate the remainder when 2755352 is divided by 314.
2
What is the remainder when 23315223 is divided by 2293?
2292
Calculate the remainder when 70697978 is divided by 4191.
4190
Calculate the remainder when 12043362 is divided by 3010838.
10
Calculate the remainder when 10105744 is divided by 128.
16
Calculate the remainder when 1680505 is divided by 70.
15
What is the remainder when 31114 is divided by 10149?
667
What is the remainder when 328741 is divided by 563?
512
Calculate the remainder when 8931 is divided by 1242.
237
Calculate the remainder when 2863272 is divided by 286327.
2
Calculate the remainder when 625816 is divided by 625443.
373
What is the remainder when 3684912 is divided by 23928?
0
What is the remainder when 4918697 is divided by 736?
9
Calculate the remainder when 312321 is divided by 96.
33
What is the remainder when 1897770 is divided by 21323?
23
What is the remainder when 3730629 is divided by 182?
175
Calculate the remainder when 237121005 is divided by 1808.
1805
Calculate the remainder when 22515 is divided by 5584.
179
Calculate the remainder when 425601 is divided by 72.
9
What is the remainder when 355317 is divided by 118236?
609
What is the remainder when 347875 is divided by 347863?
12
What is the remainder when 104881491 is divided by 6992098?
21
What is the remainder when 178494 is divided by 725?
144
What is the remainder when 35758 is divided by 11916?
10
What is the remainder when 4353122 is divided by 101?
22
Calculate the remainder when 90865 is divided by 2618.
1853
Calculate the remainder when 71623725 is divided by 345.
0
Calculate the remainder when 821341 is divided by 34220.
61
What is the remainder when 327865349 is divided by 537?
536
Calculate the remainder when 3195913 is divided by 225.
13
What is the remainder when 547689 is divided by 3184?
41
What is the remainder when 1844167 is divided by 108350?
2217
Calculate the remainder when 265306 is divided by 26399.
1316
What is the remainder when 124455 is divided by 524?
267
Calculate the remainder when 73162 is divided by 10446.
40
Calculate the remainder when 369545 is divided by 3591.
3263
Calculate the remainder when 384336 is divided by 1253.
918
What is the remainder when 414546 is divided by 363?
0
Calculate the remainder when 47606 is divided by 1461.
854
What is the remainder when 42107 is divided by 20167?
1773
Calculate the remainder when 178896554 is divided by 847.
837
What is the remainder when 58224969 is divided by 8715?
54
What is the remainder when 692191 is divided by 613?
114
What is the remainder when 359286 is divided by 6186?
498
What is the remainder when 3995679 is divided by 308?
303
Calculate the remainder when 186952911 is divided by 695.
691
What is the remainder when 30344620 is divided by 93368?
20
What is the remainder when 250815 is divided by 25?
15
Calculate the remainder when 6348888 is divided by 2181.
2178
Calculate the remainder when 17607888 is divided by 14.
4
What is the remainder when 14060 is divided by 13536?
524
Calculate the remainder when 608589 is divided by 6838.
7
What is the remainder when 645011 is divided by 712?
651
What is the remainder when 28125 is divided by 1764?
1665
What is the remainder when 39280402 is divided by 837?
829
What is the remainder when 445103026 is divided by 28?
18
Calculate the remainder when 3609763 is divided by 319.
278
What is the remainder when 3101292 is divided by 1550641?
10
Calculate the remainder when 17207 is divided by 12.
11
Calculate the remainder when 1588502 is divided by 1344.
1238
What is the remainder when 2599665 is divided by 65?
55
What is the remainder when 270193 is divided by 3419?
92
Calculate the remainder when 17579850 is divided by 84.
78
Calculate the remainder when 406112 is divided by 20089.
4332
What is the remainder when 53925117 is divided by 503?
499
Calculate the remainder when 656283 is divided by 984.
939
What is the remainder when 432706175 is divided by 3970?
3965
What is the remainder when 41034977 is divided by 35?
32
What is the remainder when 317201 is divided by 317134?
67
Calculate the remainder when 16828596 is divided by 67857.
60
What is the remainder when 197859 is divided by 39241?
1654
What is the remainder when 21348 is divided by 21048?
300
What is the remainder when 1975193 is divided by 13622?
3
Calculate the remainder when 78476232 is divided by 129.
114
What is the remainder when 245757 is divided by 2554?
573